-2)?
3
Let l(j) = 32*j**2 - 44*j + 299. What is the tens digit of l(6)?
8
Let f be (-9)/4*(-96)/(-18). What is the tens digit of f/(-8)*340/6?
8
Let b(g) = -25*g**3 - 3*g**2 - g - 2. Let x(s) = 50*s**3 + 7*s**2 + 2*s + 4. Let c(j) = 13*b(j) + 6*x(j). What is the hundreds digit of c(-2)?
2
Let x = -776 - -1609. What is the tens digit of x?
3
Let p = 124 + -10. What is the tens digit of p?
1
Suppose -5*r - 2*o = -4594, 3*r - o - 3417 = -654. What is the hundreds digit of r?
9
Let m = 9 + -13. Let s be (1 - (m + 4))*54. What is the units digit of 2/(-9) + 2550/s?
7
What is the tens digit of 790 + 1 + (12/6 - 6)?
8
Suppose 0 = -2*d + d. Suppose -3*y + d = k - 60, 67 = k - 4*y. What is the units digit of k?
3
Let i = 31 - 55. What is the units digit of ((-2847)/i)/1 + 12/32?
9
Let j be 3/((-5)/4 - -2). Suppose j*l + 645 + 471 = 0. What is the units digit of l/(-15) - 8/(-20)?
9
Let m(t) = t**2 - 5*t - 22. Let d be m(8). Suppose -j = 5*v - 98, -3*v - 185 = -2*j - d*v. What is the units digit of j?
3
Suppose 2*s + 45 = -3*s. Let v = s - -11. Suppose -6 = -f + 4*f, -2*f = -v*p + 40. What is the units digit of p?
8
Let t be 2/5 - ((-340)/25 - 4). Suppose -t*m - 282 = -20*m. What is the units digit of m?
1
Let d be (0 - (-2 - 2)) + 2. Suppose -3*p + 3 = -d. Let h(t) = 14*t. What is the units digit of h(p)?
2
Let l be (-6)/12*(-1856)/2. Suppose -u + 80 = -5*y - 7, 5*u + 4*y = l. Let z = -40 + u. What is the units digit of z?
2
Suppose 2*u + 5*v = -1, -v - 5 = -3*u + u. Suppose -38 = -2*t - z, -u*t + z + 0*z + 38 = 0. What is the tens digit of t?
1
Let b be 4/34 - 287/(-17). Suppose 2*j - 157 = -b. What is the units digit of j?
0
Suppose -5*k + 991 = 356. Suppose -158 - k = -5*d. What is the tens digit of d?
5
Let t = 617 + -432. Let n = -34 + t. What is the tens digit of n?
5
Suppose -w - 3*z + 216 = 0, 0 = -4*w - 0*w + 4*z + 928. What is the units digit of w?
8
Let a be (-1)/(4/(-6 + 2)). What is the units digit of a*41 + (8 - 4)?
5
Suppose 2*v = 4*v + 2*u - 22, 4*v - 26 = 5*u. Let x = 12 - v. Suppose -x*d = o - 17, 3*o + 22 = -2*d + 66. What is the units digit of o?
4
Let b = -440 + 449. Suppose 0*i + 5*i + 5*l - 85 = 0, -3*i + 5*l + 19 = 0. Let n = i - b. What is the units digit of n?
4
Let i be ((-6)/(-10))/((-858)/(-65) - 13). Suppose -1 = v - 5*q, 4*v + 4*q = 3*v - 1. What is the tens digit of (i + 4/v)*-34?
3
Suppose 0 = 5*f - 2*h - 2*h - 3827, -3076 = -4*f - 4*h. What is the tens digit of f?
6
Let q = -1573 - -3524. What is the units digit of q?
1
Let i be (25 + -26)*(1 - 50). What is the units digit of ((-132)/14)/((-7)/i)?
6
Let g(x) = x**2 + 3*x + 3. Let h be (-2)/(-3) - 5/3. Let k be -1*(h + 1 + 8). What is the tens digit of g(k)?
4
Let f be (-936)/(-28) + (-6)/14. Let d = f + 33. What is the tens digit of d?
6
Let q(h) = h + 17. Let s = -1 - 13. Let m be q(s). Suppose v - 16 = 6*k - 2*k, 0 = m*v + 5*k - 65. What is the tens digit of v?
2
Let t be (-4*3/15)/((-14)/(-105)). What is the tens digit of (-538)/t - ((-114)/18 + 6)?
9
Suppose 4*n - 6*n - 2*k = -2296, k = -5*n + 5732. Suppose 3*j - 9*j + n = 0. What is the hundreds digit of j?
1
Suppose 0 = h - 2 - 1. Suppose 0*b - 72 = -h*b. What is the tens digit of b?
2
Let f = 622 + 2362. What is the units digit of f?
4
Suppose -5*p = -n + 64, -2*p - 128 = -2*n - 32. What is the tens digit of n?
4
Suppose 7*u + 4 = 8*u. Let k be (5 + 1)/(6/u). Suppose 5*a = -k*x + x + 161, 5*a - 153 = x. What is the units digit of a?
1
Suppose 31 = -2*d + 3*d + 5*x, -22 = -2*d - 2*x. Let h be -1*-2*15/d. Suppose -5*f = 3*v - 56, h*f - 4*v = 2 + 75. What is the units digit of f?
3
Let s(l) = 3*l**2 - 45*l + 145. What is the tens digit of s(29)?
6
Let z = 352 + -347. Suppose -3*a + 42 + 72 = 0. Let b = a + z. What is the units digit of b?
3
Suppose -19*t - 1656 = -22*t. What is the units digit of t?
2
Let h(u) = -7*u - 4. Let q(d) = -2*d**2 + 2*d - 1. Let o be q(2). What is the units digit of h(o)?
1
Let k(o) = o**2 + o + 10. Let w be k(-9). Let s = 157 - w. What is the units digit of s?
5
Suppose -65 = -2*h - 2*r + 1135, -5*r - 2391 = -4*h. What is the hundreds digit of h?
5
Let b = 1162 + -672. What is the hundreds digit of b?
4
Suppose -3*u + 8*u - 5429 = -3*z, 4 = -2*z. What is the hundreds digit of u?
0
Let k(q) = 48*q**2 + 5*q - 8. Let t be k(3). Let g = -313 + t. What is the tens digit of g?
2
Let h(x) = -25*x + 46. What is the tens digit of h(-5)?
7
Suppose -18*x + 6492 = -3876. What is the units digit of x?
6
Suppose -3 = -2*a + 1. Suppose -5*p + a*p - 4*b = -14, -2*p = 5*b. What is the tens digit of p?
1
Suppose 4 = -3*m - 17. Let i = m + 4. What is the units digit of (-32)/i - 4/6?
0
Suppose 0 = 4*r - 151 - 885. What is the tens digit of r?
5
Let w(u) = -u**3 + 5*u**2 + 4*u + 2. Let v = 60 - 64. What is the units digit of w(v)?
0
Let l = 341 + 134. What is the tens digit of l?
7
Let m = 1 + -15. Let u = 90 - m. What is the tens digit of 15/6*u/10?
2
Suppose -9078 = -13*v - 1304. What is the units digit of v?
8
Suppose 2395*l - 2391*l - 6796 = 0. What is the tens digit of l?
9
Let c be (5/(-2) - -3)*20/1. Let v(w) = -w**2 + 30*w + 21. What is the units digit of v(c)?
1
Let g(z) = -2*z**2 - 3*z + 8. Let k be g(-4). Let o be (-8)/k*-3 - 4. Let n = 8 + o. What is the units digit of n?
2
Let b(l) = l**3 - 5*l**2 - 9*l + 10. Let f be b(7). Let o = f + -27. What is the tens digit of 346/o + 6/(-27)?
1
What is the hundreds digit of 5184/14 - (-30)/(-105)?
3
Let w(h) = h**3 - 14*h**2 - 14*h - 23. Let m = 10 + -18. Let f(z) = -3*z**3 + 43*z**2 + 42*z + 69. Let l(g) = m*w(g) - 3*f(g). What is the units digit of l(18)?
9
Let y = -32 + 76. Let c be y/(-48)*3*4. Let n(o) = -o**3 - 11*o**2 - o + 16. What is the units digit of n(c)?
7
Let a = 24 - 13. Let v = 54 + a. What is the units digit of v?
5
Suppose -2*o = 2*y - 1922, 12*y = 4*o + 10*y - 3850. What is the hundreds digit of o?
9
What is the hundreds digit of (-13)/((-13)/126) - -4?
1
Suppose 3*f - 5*f - 248 = 0. Let g = f - -173. What is the units digit of g?
9
Suppose 3*b - 13761 = -3702. What is the tens digit of b?
5
Suppose 2*a + 4*y + 1 = 7*a, 3*y = 3*a - 3. Let c be (-24)/a - 3/1. Suppose 65 = c*q - 2*f + 7*f, q - 3*f = 17. What is the units digit of q?
4
Let h(t) = 8*t**2 + 11*t**3 - 12 + 10*t - 6*t**3 - 6*t**3. What is the tens digit of h(8)?
6
Let r = -732 + 824. Suppose -100 = 2*z - 0*z + 2*q, -z - 53 = 4*q. Let d = z + r. What is the tens digit of d?
4
Suppose 5*v = 5, -n + 4*v - 952 = -5*n. Suppose 9*d = n + 411. What is the units digit of d?
2
Let c(k) = -4*k**2 + 4. Suppose 5*d = -3*y + 23 + 6, -24 = -4*y - 3*d. Let g be c(y). Let p = -10 - g. What is the tens digit of p?
2
Let p = -27 - -27. Suppose 3*m + 29 = 5*g, -2*g + 13 = 2*g + m. Suppose g*l - 160 = 4*j, l + p*l = -2*j + 25. What is the units digit of l?
5
Suppose t + 2*t - 231 = 0. Suppose 0 = 3*a - 241 - t. What is the hundreds digit of a?
1
Suppose 13*t - 2600 = -0*t. What is the hundreds digit of t?
2
Suppose 0 = -32*b + 24465 + 41007. What is the hundreds digit of b?
0
Suppose 3*l - 6*l + 33 = 0. Let p = l - 13. What is the tens digit of 2/(-4)*31*p?
3
Suppose 7*z = -z + 440. What is the units digit of z?
5
Let v be (0 - 1)*815/(-5). Suppose -2*q = -63 - v. What is the units digit of q?
3
Let d(u) = -532*u - 660. What is the units digit of d(-9)?
8
Let c(w) = w - 9. Let b be c(0). Let l(z) = 2*z**2 + z + 1. Let v be l(-1). What is the units digit of 124/v*b/(-18)?
1
Let p(i) = -2*i + 1. Let v be p(-3). Suppose h - v = -0*h. Suppose 0 = 3*a - h*a + 4. What is the units digit of a?
1
Let a(p) = -p + 179. What is the hundreds digit of a(0)?
1
Let p(n) = 38*n**2 - 7*n + 11. What is the tens digit of p(4)?
9
Let n = 1045 + -623. What is the units digit of n?
2
Let k(x) = -28*x + 31. Let q be k(-5). Let u = -102 + q. What is the tens digit of u?
6
What is the units digit of 4/(-18) + (5 - (-821)/9)?
6
Suppose 0 = 3*q - 8*q + 500. What is the hundreds digit of (q/3)/(4/12)?
1
Let v = 2 - 8. Let q = 14 - v. Suppose 76 = 2*h - n - 2*n, h + 3*n = q. What is the units digit of h?
2
Let b(h) = -2*h**2 + 4*h + 16. Let w(a) = a**2 - 2*a - 8. Let f be (-8)/12*81/(-6). Let d(j) = f*w(j) + 4*b(j). What is the units digit of d(-4)?
6
Let v(y) = 61*y - 14. Let t be v(-8). What is the tens digit of (42/